{"id":23,"date":"2013-08-23T22:24:06","date_gmt":"2013-08-23T22:24:06","guid":{"rendered":"http:\/\/www.escuelalasflores.cl\/home\/?page_id=23"},"modified":"2025-04-30T11:28:05","modified_gmt":"2025-04-30T11:28:05","slug":"admision","status":"publish","type":"page","link":"http:\/\/www.escuelalasflores.cl\/home\/?page_id=23","title":{"rendered":"Admisi\u00f3n"},"content":{"rendered":"<p>[et_pb_section fb_built=&#8221;1&#8243; admin_label=&#8221;Admissions&#8221; _builder_version=&#8221;4.16&#8243; use_background_color_gradient=&#8221;on&#8221; background_color_gradient_stops=&#8221;#ffffff 0%|#e3e3e8 100%&#8221; background_color_gradient_start=&#8221;#ffffff&#8221; background_color_gradient_end=&#8221;#e3e3e8&#8243; background_image=&#8221;http:\/\/www.escuelalasflores.cl\/home\/wp-content\/uploads\/2019\/06\/shapes-bg-1.png&#8221; parallax=&#8221;on&#8221; custom_padding=&#8221;|||&#8221; global_colors_info=&#8221;{}&#8221;][et_pb_row column_structure=&#8221;1_2,1_2&#8243; _builder_version=&#8221;4.16&#8243; global_colors_info=&#8221;{}&#8221;][et_pb_column type=&#8221;1_2&#8243; _builder_version=&#8221;4.16&#8243; custom_padding=&#8221;|||&#8221; global_colors_info=&#8221;{}&#8221; custom_padding__hover=&#8221;|||&#8221;][et_pb_text _builder_version=&#8221;4.16&#8243; text_font=&#8221;Rubik|500|||||||&#8221; text_font_size=&#8221;16px&#8221; text_line_height=&#8221;2em&#8221; header_font=&#8221;||||||||&#8221; header_2_font=&#8221;Rubik|700|||||||&#8221; header_2_font_size=&#8221;40px&#8221; header_2_line_height=&#8221;1.4em&#8221; header_5_font=&#8221;Rubik|700||on|||||&#8221; header_5_text_color=&#8221;#2b76df&#8221; header_5_letter_spacing=&#8221;5px&#8221; header_5_line_height=&#8221;1.5em&#8221; max_width=&#8221;700px&#8221; module_alignment=&#8221;center&#8221; custom_margin=&#8221;-5px||-1px|||&#8221; custom_margin_tablet=&#8221;0px|||&#8221; custom_margin_last_edited=&#8221;off|desktop&#8221; text_line_height_last_edited=&#8221;off|desktop&#8221; header_2_font_size_tablet=&#8221;&#8221; header_2_font_size_phone=&#8221;30px&#8221; header_2_font_size_last_edited=&#8221;on|phone&#8221; locked=&#8221;off&#8221; global_colors_info=&#8221;{}&#8221;]<\/p>\n<h5><\/h5>\n<h2>\u00bfC\u00f3mo postular?<\/h2>\n<p>[\/et_pb_text][et_pb_text _builder_version=&#8221;4.16&#8243; text_font=&#8221;Rubik|300|||||||&#8221; text_text_color=&#8221;#6b6b6b&#8221; text_font_size=&#8221;15px&#8221; text_line_height=&#8221;1.1em&#8221; header_font=&#8221;Rubik||||||||&#8221; header_2_font=&#8221;||||||||&#8221; header_3_font=&#8221;Rubik|700|||||||&#8221; header_3_text_color=&#8221;#74bc19&#8243; header_3_font_size=&#8221;16px&#8221; header_3_letter_spacing=&#8221;5px&#8221; header_3_line_height=&#8221;2.5em&#8221; header_4_font=&#8221;||||||||&#8221; header_5_font=&#8221;Rubik||||||||&#8221; max_width=&#8221;700px&#8221; module_alignment=&#8221;center&#8221; custom_margin=&#8221;10px||53px|||&#8221; custom_margin_tablet=&#8221;0px|||&#8221; custom_margin_last_edited=&#8221;off|desktop&#8221; custom_padding=&#8221;0px||&#8221; animation_style=&#8221;zoom&#8221; animation_intensity_zoom=&#8221;10%&#8221; text_line_height_last_edited=&#8221;off|desktop&#8221; header_2_font_size_phone=&#8221;30px&#8221; header_2_font_size_last_edited=&#8221;off|desktop&#8221; global_colors_info=&#8221;{}&#8221;]<\/p>\n<h3>REQUISITOS<\/h3>\n<p class=\"p1\" style=\"text-align: left;\"><strong><span class=\"s1\">Medio Mayor: <\/span><\/strong><span class=\"s1\">3 a\u00f1os cumplidos al 31 de marzo del a\u00f1o 2026.<\/span><\/p>\n<p class=\"p1\" style=\"text-align: left;\"><strong><span class=\"s1\">Prekinder: <\/span><\/strong><span class=\"s1\">4 a\u00f1os cumplidos a 31 de marzo del a\u00f1o <\/span><span class=\"s1\">2026.<\/span><\/p>\n<p class=\"p1\" style=\"text-align: left;\"><span class=\"s1\"><strong>Kinder:<\/strong> 5 a\u00f1os cumplidos al 31 de marzo del a\u00f1o <\/span><span class=\"s1\">2026.<\/span><\/p>\n<p>[\/et_pb_text][et_pb_button button_url=&#8221;http:\/\/www.escuelalasflores.cl\/home\/?page_id=25&#8243; button_text=&#8221;Solicitar Evaluaci\u00f3n &#8221; _builder_version=&#8221;4.16&#8243; custom_button=&#8221;on&#8221; button_text_color=&#8221;#ffffff&#8221; button_bg_color=&#8221;#2b76df&#8221; button_border_width=&#8221;2px&#8221; button_border_color=&#8221;#2b76df&#8221; button_border_radius=&#8221;26px&#8221; button_font=&#8221;||||||||&#8221; button_icon_color=&#8221;#ffffff&#8221; button_rel=&#8221;off|off|off|off|off&#8221; background_layout=&#8221;dark&#8221; custom_margin=&#8221;24px||67px|||&#8221; custom_padding=&#8221;4px||&#8221; global_colors_info=&#8221;{}&#8221;][\/et_pb_button][\/et_pb_column][et_pb_column type=&#8221;1_2&#8243; _builder_version=&#8221;4.16&#8243; custom_padding=&#8221;|||&#8221; global_colors_info=&#8221;{}&#8221; custom_padding__hover=&#8221;|||&#8221;][et_pb_text _builder_version=&#8221;4.16&#8243; text_font=&#8221;Rubik|500|||||||&#8221; text_font_size=&#8221;16px&#8221; text_line_height=&#8221;2em&#8221; header_font=&#8221;||||||||&#8221; header_2_font=&#8221;||||||||&#8221; header_3_font=&#8221;Rubik|700|||||||&#8221; header_3_text_color=&#8221;#2b76df&#8221; header_3_font_size=&#8221;42px&#8221; header_5_font=&#8221;||||||||&#8221; max_width=&#8221;700px&#8221; module_alignment=&#8221;center&#8221; custom_margin=&#8221;|||&#8221; custom_margin_tablet=&#8221;0px|||&#8221; custom_margin_last_edited=&#8221;off|desktop&#8221; animation_style=&#8221;zoom&#8221; animation_intensity_zoom=&#8221;10%&#8221; text_line_height_last_edited=&#8221;off|desktop&#8221; header_2_font_size_phone=&#8221;30px&#8221; header_2_font_size_last_edited=&#8221;off|desktop&#8221; global_colors_info=&#8221;{}&#8221;]<\/p>\n<h3>01.<\/h3>\n<p>Cont\u00e1ctenos y solicite hora para una evaluaci\u00f3n gratutita\u00a0con una de nuestras fonoaudi\u00f3logas.[\/et_pb_text][et_pb_text _builder_version=&#8221;4.16&#8243; text_font=&#8221;Rubik|500|||||||&#8221; text_font_size=&#8221;16px&#8221; text_line_height=&#8221;2em&#8221; header_font=&#8221;||||||||&#8221; header_2_font=&#8221;||||||||&#8221; header_3_font=&#8221;Rubik|700|||||||&#8221; header_3_text_color=&#8221;#ff7355&#8243; header_3_font_size=&#8221;42px&#8221; header_5_font=&#8221;||||||||&#8221; max_width=&#8221;700px&#8221; module_alignment=&#8221;center&#8221; custom_margin=&#8221;|||&#8221; custom_margin_tablet=&#8221;0px|||&#8221; custom_margin_last_edited=&#8221;off|desktop&#8221; animation_style=&#8221;zoom&#8221; animation_intensity_zoom=&#8221;10%&#8221; text_line_height_last_edited=&#8221;off|desktop&#8221; header_2_font_size_phone=&#8221;30px&#8221; header_2_font_size_last_edited=&#8221;off|desktop&#8221; global_colors_info=&#8221;{}&#8221;]<\/p>\n<h3>02.<\/h3>\n<p>A trav\u00e9s de evaluaciones proporcionadas por el Ministerio de Educaci\u00f3n, observaci\u00f3n cl\u00ednica y entrevista a los Padres, nuestra fonoaudi\u00f3loga determinar\u00e1 si el ni\u00f1o(a) presenta alg\u00fan Trastorno del Lenguaje con respecto a su edad cronol\u00f3gica.[\/et_pb_text][et_pb_text _builder_version=&#8221;4.16&#8243; text_font=&#8221;Rubik|500|||||||&#8221; text_font_size=&#8221;16px&#8221; text_line_height=&#8221;2em&#8221; header_font=&#8221;||||||||&#8221; header_2_font=&#8221;||||||||&#8221; header_3_font=&#8221;Rubik|700|||||||&#8221; header_3_text_color=&#8221;#74bc19&#8243; header_3_font_size=&#8221;42px&#8221; header_5_font=&#8221;||||||||&#8221; max_width=&#8221;700px&#8221; module_alignment=&#8221;center&#8221; custom_margin=&#8221;|||&#8221; custom_margin_tablet=&#8221;0px|||&#8221; custom_margin_last_edited=&#8221;off|desktop&#8221; animation_style=&#8221;zoom&#8221; animation_intensity_zoom=&#8221;10%&#8221; text_line_height_last_edited=&#8221;off|desktop&#8221; header_2_font_size_phone=&#8221;30px&#8221; header_2_font_size_last_edited=&#8221;off|desktop&#8221; global_colors_info=&#8221;{}&#8221;][\/et_pb_text][\/et_pb_column][\/et_pb_row][\/et_pb_section]<\/p>\n","protected":false},"excerpt":{"rendered":"<p>\u00bfC\u00f3mo postular?REQUISITOS Medio Mayor: 3 a\u00f1os cumplidos al 31 de marzo del a\u00f1o 2026. Prekinder: 4 a\u00f1os cumplidos a 31 de marzo del a\u00f1o 2026. Kinder: 5 a\u00f1os cumplidos al 31 de marzo del a\u00f1o 2026.01. Cont\u00e1ctenos y solicite hora para una evaluaci\u00f3n gratutita\u00a0con una de nuestras fonoaudi\u00f3logas.02. A trav\u00e9s de evaluaciones proporcionadas por el [&hellip;]<\/p>\n","protected":false},"author":1,"featured_media":0,"parent":0,"menu_order":0,"comment_status":"closed","ping_status":"closed","template":"","meta":{"_et_pb_use_builder":"on","_et_pb_old_content":"<ul>\r\n\t<li>Si\u00a0su\u00a0hijo\u00a0tiene entre 3 y 5 a\u00f1os 11 meses<\/li>\r\n\t<li>Si\u00a0no pronuncia algunas letras o palabras (Ejemplo: dice \u201cato\u201d por \u201cauto\u201d)<\/li>\r\n\t<li>Si\u00a0cambia sonidos por otros (Ejemplo: dice \u201cdat\u00f3n\u201d por \u201crat\u00f3n\u201d)<\/li>\r\n\t<li>Si\u00a0dice s\u00f3lo finales de palabras (Ejemplo: dice \u201ctato\u201d por \u201czapato\u201d)<\/li>\r\n\t<li>Si\u00a0su\u00a0lenguaje es poco claro y no le entienden lo que dice<\/li>\r\n<\/ul>\r\n<h2>Postule al a\u00f1o 2020<b><\/b><\/h2>\r\n<h3><span style=\"color: #808080;\">Requisitos<\/span><b><\/b><\/h3>\r\n[checklist]\r\n<ul>\r\n\t<li>Nivel Medio Mayor: 3 a\u00f1os cumplidos al 31 de marzo del 2020<\/li>\r\n\t<li>Nivel Prekinder: 4 a\u00f1os cumplidos al 31 de marzo de 2020<\/li>\r\n\t<li>Nivel Kinder: 5 a\u00f1os cumplidos al 31 de marzo de 2020<\/li>\r\n<\/ul>\r\n[\/checklist]\r\n\r\n[toggle title=\"<em><b>Cont\u00e1ctenos<\/b><b>\u00a0<\/b>y solicite hora para una evaluaci\u00f3n con nuestra\u00a0 fonoaudi\u00f3loga, quien a trav\u00e9s\u00a0<\/em><i>\u00a0de\u00a0 pruebas, observaci\u00f3n cl\u00ednica y entrevista a los padres, determinar\u00e1 si el ni\u00f1o (a) presenta alg\u00fan trastorno del lenguaje con respecto a su edad cronol\u00f3gica.<\/i>\"]\r\n\r\nhttp:\/\/www.escuelalasflores.cl\/home\/?page_id=25\r\n\r\n[\/toggle]\r\n\r\n<b>Al momento de la Evaluaci\u00f3n fonoaudiol\u00f3gica debe traer un Certificado de Nacimiento del Alumno.<\/b>","_et_gb_content_width":"","_joinchat":[],"footnotes":""},"class_list":["post-23","page","type-page","status-publish","hentry"],"_links":{"self":[{"href":"http:\/\/www.escuelalasflores.cl\/home\/index.php?rest_route=\/wp\/v2\/pages\/23","targetHints":{"allow":["GET"]}}],"collection":[{"href":"http:\/\/www.escuelalasflores.cl\/home\/index.php?rest_route=\/wp\/v2\/pages"}],"about":[{"href":"http:\/\/www.escuelalasflores.cl\/home\/index.php?rest_route=\/wp\/v2\/types\/page"}],"author":[{"embeddable":true,"href":"http:\/\/www.escuelalasflores.cl\/home\/index.php?rest_route=\/wp\/v2\/users\/1"}],"replies":[{"embeddable":true,"href":"http:\/\/www.escuelalasflores.cl\/home\/index.php?rest_route=%2Fwp%2Fv2%2Fcomments&post=23"}],"version-history":[{"count":53,"href":"http:\/\/www.escuelalasflores.cl\/home\/index.php?rest_route=\/wp\/v2\/pages\/23\/revisions"}],"predecessor-version":[{"id":2125,"href":"http:\/\/www.escuelalasflores.cl\/home\/index.php?rest_route=\/wp\/v2\/pages\/23\/revisions\/2125"}],"wp:attachment":[{"href":"http:\/\/www.escuelalasflores.cl\/home\/index.php?rest_route=%2Fwp%2Fv2%2Fmedia&parent=23"}],"curies":[{"name":"wp","href":"https:\/\/api.w.org\/{rel}","templated":true}]}}

Admisión

<p>[et_pb_section fb_built=&#8221;1&#8243; admin_label=&#8221;Admissions&#8221; _builder_version=&#8221;4.16&#8243; use_background_color_gradient=&#8221;on&#8221; background_color_gradient_stops=&#8221;#ffffff 0%|#e3e3e8 100%&#8221; background_color_gradient_start=&#8221;#ffffff&#8221; background_color_gradient_end=&#8221;#e3e3e8&#8243; background_image=&#8221;http://www.escuelalasflores.cl/home/wp-content/uploads/2019/06/shapes-bg-1.png&#8221; parallax=&#8221;on&#8221; custom_padding=&#8221;|||&#8221; global_colors_info=&#8221;{}&#8221;][et_pb_row column_structure=&#8221;1_2,1_2&#8243; _builder_version=&#8221;4.16&#8243; global_colors_info=&#8221;{}&#8221;][et_pb_column type=&#8221;1_2&#8243; _builder_version=&#8221;4.16&#8243; custom_padding=&#8221;|||&#8221; global_colors_info=&#8221;{}&#8221; custom_padding__hover=&#8221;|||&#8221;][et_pb_text _builder_version=&#8221;4.16&#8243; text_font=&#8221;Rubik|500|||||||&#8221; text_font_size=&#8221;16px&#8221; text_line_height=&#8221;2em&#8221; header_font=&#8221;||||||||&#8221; header_2_font=&#8221;Rubik|700|||||||&#8221; header_2_font_size=&#8221;40px&#8221; header_2_line_height=&#8221;1.4em&#8221; header_5_font=&#8221;Rubik|700||on|||||&#8221; header_5_text_color=&#8221;#2b76df&#8221; header_5_letter_spacing=&#8221;5px&#8221; header_5_line_height=&#8221;1.5em&#8221; max_width=&#8221;700px&#8221; module_alignment=&#8221;center&#8221; custom_margin=&#8221;-5px||-1px|||&#8221; custom_margin_tablet=&#8221;0px|||&#8221; custom_margin_last_edited=&#8221;off|desktop&#8221; text_line_height_last_edited=&#8221;off|desktop&#8221; header_2_font_size_tablet=&#8221;&#8221; header_2_font_size_phone=&#8221;30px&#8221; header_2_font_size_last_edited=&#8221;on|phone&#8221; locked=&#8221;off&#8221; global_colors_info=&#8221;{}&#8221;]</p>
<h5></h5>
<h2>¿Cómo postular?</h2>
<p>[/et_pb_text][et_pb_text _builder_version=&#8221;4.16&#8243; text_font=&#8221;Rubik|300|||||||&#8221; text_text_color=&#8221;#6b6b6b&#8221; text_font_size=&#8221;15px&#8221; text_line_height=&#8221;1.1em&#8221; header_font=&#8221;Rubik||||||||&#8221; header_2_font=&#8221;||||||||&#8221; header_3_font=&#8221;Rubik|700|||||||&#8221; header_3_text_color=&#8221;#74bc19&#8243; header_3_font_size=&#8221;16px&#8221; header_3_letter_spacing=&#8221;5px&#8221; header_3_line_height=&#8221;2.5em&#8221; header_4_font=&#8221;||||||||&#8221; header_5_font=&#8221;Rubik||||||||&#8221; max_width=&#8221;700px&#8221; module_alignment=&#8221;center&#8221; custom_margin=&#8221;10px||53px|||&#8221; custom_margin_tablet=&#8221;0px|||&#8221; custom_margin_last_edited=&#8221;off|desktop&#8221; custom_padding=&#8221;0px||&#8221; animation_style=&#8221;zoom&#8221; animation_intensity_zoom=&#8221;10%&#8221; text_line_height_last_edited=&#8221;off|desktop&#8221; header_2_font_size_phone=&#8221;30px&#8221; header_2_font_size_last_edited=&#8221;off|desktop&#8221; global_colors_info=&#8221;{}&#8221;]</p>
<h3>REQUISITOS</h3>
<p class="p1" style="text-align: left;"><strong><span class="s1">Medio Mayor: </span></strong><span class="s1">3 años cumplidos al 31 de marzo del año 2026.</span></p>
<p class="p1" style="text-align: left;"><strong><span class="s1">Prekinder: </span></strong><span class="s1">4 años cumplidos a 31 de marzo del año </span><span class="s1">2026.</span></p>
<p class="p1" style="text-align: left;"><span class="s1"><strong>Kinder:</strong> 5 años cumplidos al 31 de marzo del año </span><span class="s1">2026.</span></p>
<p>[/et_pb_text][et_pb_button button_url=&#8221;http://www.escuelalasflores.cl/home/?page_id=25&#8243; button_text=&#8221;Solicitar Evaluación &#8221; _builder_version=&#8221;4.16&#8243; custom_button=&#8221;on&#8221; button_text_color=&#8221;#ffffff&#8221; button_bg_color=&#8221;#2b76df&#8221; button_border_width=&#8221;2px&#8221; button_border_color=&#8221;#2b76df&#8221; button_border_radius=&#8221;26px&#8221; button_font=&#8221;||||||||&#8221; button_icon_color=&#8221;#ffffff&#8221; button_rel=&#8221;off|off|off|off|off&#8221; background_layout=&#8221;dark&#8221; custom_margin=&#8221;24px||67px|||&#8221; custom_padding=&#8221;4px||&#8221; global_colors_info=&#8221;{}&#8221;][/et_pb_button][/et_pb_column][et_pb_column type=&#8221;1_2&#8243; _builder_version=&#8221;4.16&#8243; custom_padding=&#8221;|||&#8221; global_colors_info=&#8221;{}&#8221; custom_padding__hover=&#8221;|||&#8221;][et_pb_text _builder_version=&#8221;4.16&#8243; text_font=&#8221;Rubik|500|||||||&#8221; text_font_size=&#8221;16px&#8221; text_line_height=&#8221;2em&#8221; header_font=&#8221;||||||||&#8221; header_2_font=&#8221;||||||||&#8221; header_3_font=&#8221;Rubik|700|||||||&#8221; header_3_text_color=&#8221;#2b76df&#8221; header_3_font_size=&#8221;42px&#8221; header_5_font=&#8221;||||||||&#8221; max_width=&#8221;700px&#8221; module_alignment=&#8221;center&#8221; custom_margin=&#8221;|||&#8221; custom_margin_tablet=&#8221;0px|||&#8221; custom_margin_last_edited=&#8221;off|desktop&#8221; animation_style=&#8221;zoom&#8221; animation_intensity_zoom=&#8221;10%&#8221; text_line_height_last_edited=&#8221;off|desktop&#8221; header_2_font_size_phone=&#8221;30px&#8221; header_2_font_size_last_edited=&#8221;off|desktop&#8221; global_colors_info=&#8221;{}&#8221;]</p>
<h3>01.</h3>
<p>Contáctenos y solicite hora para una evaluación gratutita con una de nuestras fonoaudiólogas.[/et_pb_text][et_pb_text _builder_version=&#8221;4.16&#8243; text_font=&#8221;Rubik|500|||||||&#8221; text_font_size=&#8221;16px&#8221; text_line_height=&#8221;2em&#8221; header_font=&#8221;||||||||&#8221; header_2_font=&#8221;||||||||&#8221; header_3_font=&#8221;Rubik|700|||||||&#8221; header_3_text_color=&#8221;#ff7355&#8243; header_3_font_size=&#8221;42px&#8221; header_5_font=&#8221;||||||||&#8221; max_width=&#8221;700px&#8221; module_alignment=&#8221;center&#8221; custom_margin=&#8221;|||&#8221; custom_margin_tablet=&#8221;0px|||&#8221; custom_margin_last_edited=&#8221;off|desktop&#8221; animation_style=&#8221;zoom&#8221; animation_intensity_zoom=&#8221;10%&#8221; text_line_height_last_edited=&#8221;off|desktop&#8221; header_2_font_size_phone=&#8221;30px&#8221; header_2_font_size_last_edited=&#8221;off|desktop&#8221; global_colors_info=&#8221;{}&#8221;]</p>
<h3>02.</h3>
<p>A través de evaluaciones proporcionadas por el Ministerio de Educación, observación clínica y entrevista a los Padres, nuestra fonoaudióloga determinará si el niño(a) presenta algún Trastorno del Lenguaje con respecto a su edad cronológica.[/et_pb_text][et_pb_text _builder_version=&#8221;4.16&#8243; text_font=&#8221;Rubik|500|||||||&#8221; text_font_size=&#8221;16px&#8221; text_line_height=&#8221;2em&#8221; header_font=&#8221;||||||||&#8221; header_2_font=&#8221;||||||||&#8221; header_3_font=&#8221;Rubik|700|||||||&#8221; header_3_text_color=&#8221;#74bc19&#8243; header_3_font_size=&#8221;42px&#8221; header_5_font=&#8221;||||||||&#8221; max_width=&#8221;700px&#8221; module_alignment=&#8221;center&#8221; custom_margin=&#8221;|||&#8221; custom_margin_tablet=&#8221;0px|||&#8221; custom_margin_last_edited=&#8221;off|desktop&#8221; animation_style=&#8221;zoom&#8221; animation_intensity_zoom=&#8221;10%&#8221; text_line_height_last_edited=&#8221;off|desktop&#8221; header_2_font_size_phone=&#8221;30px&#8221; header_2_font_size_last_edited=&#8221;off|desktop&#8221; global_colors_info=&#8221;{}&#8221;][/et_pb_text][/et_pb_column][/et_pb_row][/et_pb_section]</p>

<p>¿Cómo postular?REQUISITOS Medio Mayor: 3 años cumplidos al 31 de marzo del año 2026. Prekinder: 4 años cumplidos a 31 de marzo del año 2026. Kinder: 5 años cumplidos al 31 de marzo del año 2026.01. Contáctenos y solicite hora para una evaluación gratutita con una de nuestras fonoaudiólogas.02. A través de evaluaciones proporcionadas por el [&hellip;]</p>

<ul>
	<li>Si su hijo tiene entre 3 y 5 años 11 meses</li>
	<li>Si no pronuncia algunas letras o palabras (Ejemplo: dice “ato” por “auto”)</li>
	<li>Si cambia sonidos por otros (Ejemplo: dice “datón” por “ratón”)</li>
	<li>Si dice sólo finales de palabras (Ejemplo: dice “tato” por “zapato”)</li>
	<li>Si su lenguaje es poco claro y no le entienden lo que dice</li>
</ul>
<h2>Postule al año 2020<b></b></h2>
<h3><span style="color: #808080;">Requisitos</span><b></b></h3>
[checklist]
<ul>
	<li>Nivel Medio Mayor: 3 años cumplidos al 31 de marzo del 2020</li>
	<li>Nivel Prekinder: 4 años cumplidos al 31 de marzo de 2020</li>
	<li>Nivel Kinder: 5 años cumplidos al 31 de marzo de 2020</li>
</ul>
[/checklist]

[toggle title="<em><b>Contáctenos</b><b> </b>y solicite hora para una evaluación con nuestra  fonoaudióloga, quien a través </em><i> de  pruebas, observación clínica y entrevista a los padres, determinará si el niño (a) presenta algún trastorno del lenguaje con respecto a su edad cronológica.</i>"]

http://www.escuelalasflores.cl/home/?page_id=25

[/toggle]

<b>Al momento de la Evaluación fonoaudiológica debe traer un Certificado de Nacimiento del Alumno.</b>
